{"id":98,"date":"2012-12-02T14:51:22","date_gmt":"2012-12-02T14:51:22","guid":{"rendered":"http:\/\/www2156.vu.lt\/?page_id=98"},"modified":"2026-03-10T15:52:11","modified_gmt":"2026-03-10T13:52:11","slug":"meniniai","status":"publish","type":"page","link":"https:\/\/www.vokes.vilnius.lm.lt\/?page_id=98","title":{"rendered":"Meniniai"},"content":{"rendered":"<div class=\"entry\">\n<p><span style=\"font-size: 14pt;\"><strong><span style=\"font-family: 'times new roman', times, serif;\">2025-2026 m.m.:<\/span><\/strong><\/span><\/p>\n<p><span style=\"font-family: 'times new roman', times, serif;\"><a href=\"https:\/\/www.vokes.vilnius.lm.lt\/?p=27082\"><span style=\"font-size: 14pt;\">GATV\u0116S \u0160OKI\u0172 VAR\u017dYBOS P. VILEI\u0160IO PROGIMNAZIJOJE \u201eSTREET DANCE RHYTHM 2026\u201c<\/span><\/a><\/span><\/p>\n<p><span style=\"font-size: 14pt;\"><a title=\"RESPUBLIKINIS PRAMOGINI\u0172 \u0160OKI\u0172 MOKYKLINIS KONKURSAS \u201eVILEI\u0160IO TAUR\u0116 \u2013 2026\u201c\" href=\"https:\/\/www.vokes.vilnius.lm.lt\/?p=26919\"><span style=\"font-family: 'times new roman', times, serif;\">RESPUBLIKINIS PRAMOGINI\u0172 \u0160OKI\u0172 MOKYKLINIS KONKURSAS \u201eVILEI\u0160IO TAUR\u0116 \u2013 2026\u201c<\/span><\/a><\/span><\/p>\n<p style=\"text-align: justify;\"><span style=\"font-size: 14pt;\"><strong><span style=\"font-family: 'times new roman', times, serif;\">2024-2025 m.m.:<\/span><\/strong><\/span><\/p>\n<p><span style=\"font-size: 14pt;\"><strong><a href=\"http:\/\/www.vokes.vilnius.lm.lt\/?p=25428\"><span style=\"font-family: 'times new roman', times, serif;\">2025 M. ANTRO PUSME\u010cIO \u0160OKIO PASIEKIMAI<\/span><\/a><\/strong><\/span><\/p>\n<p><span style=\"font-size: 14pt;\"><strong><span style=\"font-family: 'times new roman', times, serif;\">KERAMIKOS LAURETAI<br \/>\n<\/span><\/strong><\/span><span style=\"font-family: 'times new roman', times, serif; font-size: 14pt;\">4a klas\u0117s mokin\u0117s Gabija Puosp\u0117kait\u0117, Luka Mi\u0161kinyt\u0117, Greta Morozait\u0117 tarptautiniame keramikos parodoje \u2013 konkurse ,,Molin\u0117 plok\u0161tel\u0117. K\u016brybin\u0117s interpretacijos\u00a0buvo \u012fvertintos laureat\u0173 diplomais. (mokines ruo\u0161\u0117 keramikos mokytoja Vida Ju\u0161kait\u0117)<\/span><\/p>\n<p style=\"text-align: justify;\"><span style=\"font-size: 14pt; font-family: 'times new roman', times, serif;\"><strong>\u201eVILEI\u0160IO TAUR\u0116 2025\u201c<\/strong><br \/>\nTrak\u0173 Vok\u0117s gimnazijos \u0161ok\u0117jai suspind\u0117jo \u201eVilei\u0161io taur\u0117je \u2013 2025\u201c! Vasario 14 d. Vilniaus Petro Vilei\u0161io progimnazijoje \u012fvyko \u012fsp\u016bdingas respublikinis pramogini\u0173 \u0161oki\u0173 konkursas \u201eVilei\u0161io taur\u0117 \u2013 2025\u201c, sub\u016br\u0119s talentingiausius jaunuosius \u0161ok\u0117jus i\u0161 visos Lietuvos. Rengin\u012f organizavo Vilniaus Petro Vilei\u0161io progimnazija, Vilniaus \u0161oki\u0173 asociacija ir Vilniaus Tuskul\u0117n\u0173 gimnazija. Penkiolika m\u016bs\u0173 gimnazijos 4 a ir 4 b klasi\u0173 mokini\u0173 \u012f scen\u0105 \u017eeng\u0117 su u\u017esidegimu ir pasitik\u0117jimu. Jie su\u017eav\u0117jo komisij\u0105 grak\u0161\u010diai atlikdami l\u0117t\u0105 vals\u0105, \u010dia-\u010dia, d\u017eiaiv\u0105 ir kvikstep\u0105. Kiekvienas \u0161okis buvo kupinas elegancijos, energijos ir tikro sportinio u\u017esispyrimo! Mokinius ruo\u0161\u0117 \u0161oki\u0173 mokytoja J\u016brat\u0117 Tomkuvien\u0117. Rezultatai priblo\u0161kiantys \u2013 i\u0161kovoti net 5 bronzos, 4 sidabro ir 6 aukso medaliai! Did\u017eiausio pripa\u017einimo sulauk\u0117 ir pirm\u0105sias vietas i\u0161kovojo M\u0117ta Vaik\u0161norait\u0117, Gabija Jocyt\u0117, Greta Morozait\u0117, Gabija Augustaityt\u0117, Emili Denovagis ir Dalia Morta Daukantait\u0117. \u0160io konkurso dalyviai ir nugal\u0117tojai dar kart\u0105 \u012frod\u0117, kad j\u0173 talentas ir atkaklus darbas veda \u012f s\u0117km\u0119! Did\u017eiuojam\u0117s savo \u0161ok\u0117jais ir sveikiname juos su puikiu pasirodymu!<\/span><\/p>\n<p style=\"text-align: justify;\"><strong><span style=\"font-family: 'times new roman', times, serif; font-size: 14pt;\">D\u017eiaugiam\u0117s dalyvav\u0119 koncerte \u2013 konkurse \u201eGABIJOVIZIJA\u00a0<\/span><span style=\"font-family: 'times new roman', times, serif; font-size: 14pt;\">2024\u201c!<\/span><\/strong><br \/>\n<span style=\"font-family: 'times new roman', times, serif; font-size: 14pt;\">Spalio 25 d. Trak\u0173 Vok\u0117s gimnazijos mokiniai, demonstruodami savo talentus ir k\u016brybi\u0161kum\u0105,\u00a0<\/span><span style=\"font-family: 'times new roman', times, serif; font-size: 14pt;\">s\u0117kmingai pasirod\u0117 konkurso \u201eGABIJOVIZIJA 2024\u201c pusfinaliuose ir finale. Renginys buvo tarsi\u00a0<\/span><span style=\"font-family: 'times new roman', times, serif; font-size: 14pt;\">muzikinis spektaklis, \u012fkv\u0117ptas filmo \u201eKoko\u201c ir Meksikoje \u0161ven\u010diamos Mirusi\u0173j\u0173 dienos tradicij\u0173.\u00a0<\/span><span style=\"font-family: 'times new roman', times, serif; font-size: 14pt;\">Visi dalyviai k\u016br\u0117 muzikin\u012f regin\u012f, ypating\u0105 ir \u012fsimintin\u0105 atmosfer\u0105. Did\u017eiausi\u0105 \u012fsp\u016bd\u012f paliko\u00a0<\/span><span style=\"font-family: 'times new roman', times, serif; font-size: 14pt;\">Trak\u0173 Vok\u0117s gimnazijos \u0161ok\u0117jos A. Kunej\u016bt\u0117, D. ir U. Daukantait\u0117s, M. Vaik\u0161norait\u0117, G.\u00a0<\/span><span style=\"font-family: 'times new roman', times, serif; font-size: 14pt;\">Puosp\u0117kait\u0117 bei G. Jocyt\u0117, su\u017eav\u0117jusios savo virtuozi\u0161kais Poi suku\u010di\u0173 judesiais, \u012fsp\u016bdingais\u00a0<\/span><span style=\"font-family: 'times new roman', times, serif; font-size: 14pt;\">kostiumais ir \u012fvaizd\u017eiu. J\u0173 pasirodymas su \u017eaving\u0105ja Vilte Petrauskaite ir jos atliekama N.\u00a0<\/span><span style=\"font-family: 'times new roman', times, serif; font-size: 14pt;\">Mal\u016bnavi\u010di\u016bt\u0117s daina \u201eDrugeliai\u201c peln\u0117 publikos ir komisijos simpatijas bei u\u017e\u0117m\u0117 1- \u0105j\u0105\u00a0<\/span><span style=\"font-family: 'times new roman', times, serif; font-size: 14pt;\">viet\u0105. Romanti\u0161ka ir jausminga daina, atliekama jauniausi\u0173 dalyvi\u0173 (4-6 klasi\u0173 mokini\u0173), u\u017eb\u016br\u0117\u00a0<\/span><span style=\"font-family: 'times new roman', times, serif; font-size: 14pt;\">\u017ei\u016brovus ir peln\u0117 gausius j\u0173 plojimus. Nuo\u0161ird\u017eiai d\u0117kojame mokinius paruo\u0161usioms mokytojoms J.\u00a0<\/span><span style=\"font-family: 'times new roman', times, serif; font-size: 14pt;\">Tomkuvienei ir R. Radzevi\u010dienei bei mokiniams u\u017e Trak\u0173 Vok\u0117s gimnazijos vardo garsinim\u0105.<\/span><\/p>\n<p style=\"text-align: justify;\"><span style=\"font-size: 14pt;\"><strong><span style=\"font-family: 'times new roman', times, serif;\">2023-2024 m.m.:<\/span><\/strong><\/span><\/p>\n<ul>\n<li style=\"text-align: justify;\">\n<p class=\"Standard\"><span style=\"font-size: 14pt;\"><a href=\"http:\/\/www.vokes.vilnius.lm.lt\/?p=21889\"><span style=\"font-family: 'times new roman', times, serif;\">Vilniaus P. Vilei\u0161io progimnazijos respublikinis &#8211; mokyklinis pramogini\u0173 \u0161oki\u0173 konkursas<\/span><\/a><\/span><\/p>\n<\/li>\n<li style=\"text-align: justify;\"><span style=\"font-family: 'times new roman', times, serif; font-size: 14pt;\">III kl. mokin\u0117 Vilt\u0117 Lap\u0117nait\u0117 (mokyt. Renata Kazlauskien\u0117) Vilniaus universiteto botanikos sodo organizuotame floristikos konkurse ,,D\u016bzgiam kal\u0117das sode\u201c u\u017e\u0117m\u0117 I viet\u0105.<\/span><\/li>\n<li><span style=\"font-size: 14pt;\"><a href=\"http:\/\/www.vokes.vilnius.lm.lt\/?p=21554\"><span style=\"font-family: 'times new roman', times, serif;\">6b klas\u0117s mokin\u0117 Sofija Urliuk (mokyt. Justas V\u0117bra) Trak\u0173 r. Paluknio \u201eMedeinos gimnazijos\u201c organizuojamame tapybos darb\u0173 plenere \u201eMedeinos globa 2023\u201c u\u017e\u0117m\u0117 I viet\u0105.<\/span><\/a><\/span><\/li>\n<\/ul>\n<p style=\"text-align: justify;\">\n<\/div>\n","protected":false},"excerpt":{"rendered":"<p>2025-2026 m.m.: GATV\u0116S \u0160OKI\u0172 VAR\u017dYBOS P. VILEI\u0160IO PROGIMNAZIJOJE \u201eSTREET DANCE RHYTHM 2026\u201c RESPUBLIKINIS PRAMOGINI\u0172 \u0160OKI\u0172 MOKYKLINIS KONKURSAS \u201eVILEI\u0160IO TAUR\u0116 \u2013 2026\u201c 2024-2025 m.m.: 2025 M. ANTRO PUSME\u010cIO \u0160OKIO PASIEKIMAI KERAMIKOS LAURETAI 4a klas\u0117s mokin\u0117s Gabija Puosp\u0117kait\u0117, Luka Mi\u0161kinyt\u0117, Greta Morozait\u0117 tarptautiniame keramikos parodoje \u2013 konkurse ,,Molin\u0117 plok\u0161tel\u0117. K\u016brybin\u0117s interpretacijos\u00a0buvo \u012fvertintos laureat\u0173 diplomais. (mokines ruo\u0161\u0117 keramikos &#8230;<\/p>\n","protected":false},"author":1,"featured_media":0,"parent":18,"menu_order":1,"comment_status":"closed","ping_status":"closed","template":"","meta":{"footnotes":""},"class_list":["post-98","page","type-page","status-publish"],"_links":{"self":[{"href":"https:\/\/www.vokes.vilnius.lm.lt\/index.php?rest_route=\/wp\/v2\/pages\/98","targetHints":{"allow":["GET"]}}],"collection":[{"href":"https:\/\/www.vokes.vilnius.lm.lt\/index.php?rest_route=\/wp\/v2\/pages"}],"about":[{"href":"https:\/\/www.vokes.vilnius.lm.lt\/index.php?rest_route=\/wp\/v2\/types\/page"}],"author":[{"embeddable":true,"href":"https:\/\/www.vokes.vilnius.lm.lt\/index.php?rest_route=\/wp\/v2\/users\/1"}],"replies":[{"embeddable":true,"href":"https:\/\/www.vokes.vilnius.lm.lt\/index.php?rest_route=%2Fwp%2Fv2%2Fcomments&post=98"}],"version-history":[{"count":52,"href":"https:\/\/www.vokes.vilnius.lm.lt\/index.php?rest_route=\/wp\/v2\/pages\/98\/revisions"}],"predecessor-version":[{"id":27183,"href":"https:\/\/www.vokes.vilnius.lm.lt\/index.php?rest_route=\/wp\/v2\/pages\/98\/revisions\/27183"}],"up":[{"embeddable":true,"href":"https:\/\/www.vokes.vilnius.lm.lt\/index.php?rest_route=\/wp\/v2\/pages\/18"}],"wp:attachment":[{"href":"https:\/\/www.vokes.vilnius.lm.lt\/index.php?rest_route=%2Fwp%2Fv2%2Fmedia&parent=98"}],"curies":[{"name":"wp","href":"https:\/\/api.w.org\/{rel}","templated":true}]}}