{"id":4429,"date":"2016-03-18T15:58:03","date_gmt":"2016-03-18T15:58:03","guid":{"rendered":"http:\/\/www.vokes.vilnius.lm.lt\/?page_id=4429"},"modified":"2016-03-18T16:09:51","modified_gmt":"2016-03-18T16:09:51","slug":"integruota-keramikos-ir-lietuviu-kalbos-pamoka-molio-katinelis","status":"publish","type":"page","link":"https:\/\/www.vokes.vilnius.lm.lt\/?page_id=4429","title":{"rendered":"Integruota keramikos ir lietuvi\u0173 kalbos pamoka ,,Molio katin\u0117lis\u201c"},"content":{"rendered":"<div class=\"entry\">\n<p style=\"text-align: justify;\"><span style=\"font-family: arial,helvetica,sans-serif; font-size: medium;\">1 b klas\u0117je vyko integruota keramikos ir lietuvi\u0173 kalbos pamoka ,,Molio katin\u0117lis.\u201c Nei su mink\u0161taisiais priebalsiais, nei su mink\u0161tumo \u017eenklo terminu pirmokai nesupa\u017eindinami. Ta\u010diau lietuvi\u0173 kalboje \u017eod\u017ei\u0173 su mink\u0161tumo \u017eenklu i labai daug.\u00a0 J\u012f galima vadinti ir \u017eaismingai \u2013 raide slapuke, nes skaitant ji lyg pasislepia \u2013 i\u0161nyksta, i netariamas. Per\u00a0 lietuvi\u0173 kalbos pamok\u0105 pirmokai aptar\u0117 lietuvi\u0173 pasak\u0105 ,,Molio\u00a0 katin\u0117lis\u201c, ie\u0161kojo raid\u0117s slapuk\u0117s, o keramikos mokytoja Vida Ju\u0161kait\u0117 parod\u0117 skaidres\u00a0 ,,Molio kelias\u201c ir papasakojo apie molio savybes, paskatino k\u016brybi\u0161kai vizualizuoti pasakojimo persona\u017e\u0105. Praktinio u\u017esi\u0117mimo metu vaikai nulipd\u0117 po molin\u0119 l\u0117k\u0161tel\u0119, kuri\u0105 dekoravo katin\u0117lio atvaizdu, kiekvienoje detal\u0117je atrado i slapuk\u0119, tokiu b\u016bdu\u00a0 \u012ftvirtino savo \u017einias. \u0160ie mokini\u0173 darbai buvo eksponuojami gimnazijos pirmo auk\u0161to foj\u0117.<\/span><\/p>\n<p style=\"text-align: justify;\"><span style=\"font-family: arial,helvetica,sans-serif; font-size: medium;\">\u00a0<\/span><\/p>\n<p style=\"text-align: justify;\"><span style=\"font-family: arial,helvetica,sans-serif; font-size: medium;\"><p>no images were found<\/p>\n<\/span><\/p>\n<\/div>\n","protected":false},"excerpt":{"rendered":"<p>1 b klas\u0117je vyko integruota keramikos ir lietuvi\u0173 kalbos pamoka ,,Molio katin\u0117lis.\u201c Nei su mink\u0161taisiais priebalsiais, nei su mink\u0161tumo \u017eenklo terminu pirmokai nesupa\u017eindinami. Ta\u010diau lietuvi\u0173 kalboje \u017eod\u017ei\u0173 su mink\u0161tumo \u017eenklu i labai daug.\u00a0 J\u012f galima vadinti ir \u017eaismingai \u2013 raide slapuke, nes skaitant ji lyg pasislepia \u2013 i\u0161nyksta, i netariamas. Per\u00a0 lietuvi\u0173 kalbos pamok\u0105 pirmokai &#8230;<\/p>\n","protected":false},"author":1,"featured_media":0,"parent":0,"menu_order":0,"comment_status":"closed","ping_status":"closed","template":"","meta":{"footnotes":""},"class_list":["post-4429","page","type-page","status-publish"],"_links":{"self":[{"href":"https:\/\/www.vokes.vilnius.lm.lt\/index.php?rest_route=\/wp\/v2\/pages\/4429","targetHints":{"allow":["GET"]}}],"collection":[{"href":"https:\/\/www.vokes.vilnius.lm.lt\/index.php?rest_route=\/wp\/v2\/pages"}],"about":[{"href":"https:\/\/www.vokes.vilnius.lm.lt\/index.php?rest_route=\/wp\/v2\/types\/page"}],"author":[{"embeddable":true,"href":"https:\/\/www.vokes.vilnius.lm.lt\/index.php?rest_route=\/wp\/v2\/users\/1"}],"replies":[{"embeddable":true,"href":"https:\/\/www.vokes.vilnius.lm.lt\/index.php?rest_route=%2Fwp%2Fv2%2Fcomments&post=4429"}],"version-history":[{"count":3,"href":"https:\/\/www.vokes.vilnius.lm.lt\/index.php?rest_route=\/wp\/v2\/pages\/4429\/revisions"}],"predecessor-version":[{"id":4431,"href":"https:\/\/www.vokes.vilnius.lm.lt\/index.php?rest_route=\/wp\/v2\/pages\/4429\/revisions\/4431"}],"wp:attachment":[{"href":"https:\/\/www.vokes.vilnius.lm.lt\/index.php?rest_route=%2Fwp%2Fv2%2Fmedia&parent=4429"}],"curies":[{"name":"wp","href":"https:\/\/api.w.org\/{rel}","templated":true}]}}