{"id":4019,"date":"2016-01-04T09:15:44","date_gmt":"2016-01-04T09:15:44","guid":{"rendered":"http:\/\/www.vokes.vilnius.lm.lt\/?page_id=4019"},"modified":"2016-01-04T09:37:57","modified_gmt":"2016-01-04T09:37:57","slug":"dailes-informaciniu-technologiju-integruota-pamoka-3-klaseje-ziemos-stebuklai","status":"publish","type":"page","link":"https:\/\/www.vokes.vilnius.lm.lt\/?page_id=4019","title":{"rendered":"Dail\u0117s \u2013 informacini\u0173 technologij\u0173  integruota pamoka 3 klas\u0117je  ,,\u017diemos stebuklai\u201d"},"content":{"rendered":"<div class=\"entry\">\n<p style=\"text-align: justify;\">\n<p style=\"text-align: justify;\"><span style=\"font-family: arial,helvetica,sans-serif; font-size: small;\">Lapkri\u010dio 20 d. 3 klas\u0117s mokiniams dail\u0117s pamoka buvo netradicin\u0117, nes ji vyko informacini\u0173 technologij\u0173 kabinete. Tre\u010diok\u0173 mokytojai \u00a0metodininkei Alvydei Vinkevi\u010dienei talkino informacini\u0173 technologij\u0173 vyresnioji \u00a0mokytoja Irina Dobrovolskait\u0117. Su mokiniais mokytojos kalb\u0117josi apie \u017eiem\u0105 ir jos stebuklus, ap\u017ei\u016br\u0117jo \u012fvairi\u0173 dailinink\u0173 paveikslus \u0161ia tema. Tuomet, naudodamiesi Paint programa, mokiniai k\u016br\u0117 savo ,,\u017diemos stebukl\u0105\u201d.<\/span><\/p>\n<p style=\"text-align: justify;\"><span style=\"font-family: arial,helvetica,sans-serif;\">\u00a0<\/span><\/p>\n<p style=\"text-align: justify;\">\u00a0<p>no images were found<\/p>\n<\/p>\n<p>&nbsp;<\/p>\n<\/div>\n","protected":false},"excerpt":{"rendered":"<p>Lapkri\u010dio 20 d. 3 klas\u0117s mokiniams dail\u0117s pamoka buvo netradicin\u0117, nes ji vyko informacini\u0173 technologij\u0173 kabinete. Tre\u010diok\u0173 mokytojai \u00a0metodininkei Alvydei Vinkevi\u010dienei talkino informacini\u0173 technologij\u0173 vyresnioji \u00a0mokytoja Irina Dobrovolskait\u0117. Su mokiniais mokytojos kalb\u0117josi apie \u017eiem\u0105 ir jos stebuklus, ap\u017ei\u016br\u0117jo \u012fvairi\u0173 dailinink\u0173 paveikslus \u0161ia tema. Tuomet, naudodamiesi Paint programa, mokiniai k\u016br\u0117 savo ,,\u017diemos stebukl\u0105\u201d. \u00a0 \u00a0 &nbsp;<\/p>\n","protected":false},"author":1,"featured_media":0,"parent":0,"menu_order":0,"comment_status":"closed","ping_status":"closed","template":"","meta":{"footnotes":""},"class_list":["post-4019","page","type-page","status-publish"],"_links":{"self":[{"href":"https:\/\/www.vokes.vilnius.lm.lt\/index.php?rest_route=\/wp\/v2\/pages\/4019","targetHints":{"allow":["GET"]}}],"collection":[{"href":"https:\/\/www.vokes.vilnius.lm.lt\/index.php?rest_route=\/wp\/v2\/pages"}],"about":[{"href":"https:\/\/www.vokes.vilnius.lm.lt\/index.php?rest_route=\/wp\/v2\/types\/page"}],"author":[{"embeddable":true,"href":"https:\/\/www.vokes.vilnius.lm.lt\/index.php?rest_route=\/wp\/v2\/users\/1"}],"replies":[{"embeddable":true,"href":"https:\/\/www.vokes.vilnius.lm.lt\/index.php?rest_route=%2Fwp%2Fv2%2Fcomments&post=4019"}],"version-history":[{"count":3,"href":"https:\/\/www.vokes.vilnius.lm.lt\/index.php?rest_route=\/wp\/v2\/pages\/4019\/revisions"}],"predecessor-version":[{"id":4121,"href":"https:\/\/www.vokes.vilnius.lm.lt\/index.php?rest_route=\/wp\/v2\/pages\/4019\/revisions\/4121"}],"wp:attachment":[{"href":"https:\/\/www.vokes.vilnius.lm.lt\/index.php?rest_route=%2Fwp%2Fv2%2Fmedia&parent=4019"}],"curies":[{"name":"wp","href":"https:\/\/api.w.org\/{rel}","templated":true}]}}