{"id":21426,"date":"2023-09-27T06:47:51","date_gmt":"2023-09-27T04:47:51","guid":{"rendered":"http:\/\/www.vokes.vilnius.lm.lt\/?page_id=21426"},"modified":"2026-04-02T16:22:44","modified_gmt":"2026-04-02T14:22:44","slug":"ikimokyklinis-ir-priesmokyklinis-ugdymas","status":"publish","type":"page","link":"https:\/\/www.vokes.vilnius.lm.lt\/?page_id=21426","title":{"rendered":"Ikimokyklinis ir prie\u0161mokyklinis ugdymas"},"content":{"rendered":"<div class=\"entry\">\n<p style=\"text-align: justify;\">\n<p style=\"text-align: justify;\"><span style=\"font-family: 'times new roman', times, serif; font-size: 14pt;\"><strong>Informacija t\u0117vams (glob\u0117jams), kuri\u0173 vaikai prad\u0117s lankyti Vilniaus Trak\u0173 Vok\u0117s gimnazijos dar\u017eel\u012f.<\/strong><\/span><\/p>\n<p style=\"text-align: justify;\"><span style=\"font-family: 'times new roman', times, serif; font-size: 14pt;\">Prad\u0117ti lankyti dar\u017eel\u012f \u2013 svarbus \u017eingsnis tiek vaikams, tiek t\u0117vams. Kad pasiruo\u0161imas vykt\u0173 skland\u017eiai, pateikiame aktuali\u0105 informacij\u0105.<\/span><\/p>\n<ul>\n<li style=\"text-align: justify;\"><span style=\"font-family: 'times new roman', times, serif; font-size: 14pt;\">T\u0117vai (glob\u0117jai) sutart\u012f privalo pasira\u0161yti per 10 kalendorini\u0173 dien\u0173 nuo prane\u0161imo apie vaiko pri\u0117mim\u0105 \u012f dar\u017eel\u012f. Nepasira\u0161ius sutarties per nustatyt\u0105 laikotarp\u012f, vaikas gali b\u016bti i\u0161brauktas i\u0161 s\u0105ra\u0161\u0173, o jo vieta perleid\u017eiama laukiantiems eil\u0117je.<\/span><\/li>\n<li style=\"text-align: justify;\"><span style=\"font-family: 'times new roman', times, serif; font-size: 14pt;\">Baland\u017eio 28 d. vyks atvir\u0173 dur\u0173 diena gimnazijoje. Nuo 15 iki 18 val. t\u0117vai gal\u0117s susitikti su b\u016bsimomis mokytojomis ir ap\u017ei\u016br\u0117ti grupes.<\/span><\/li>\n<li style=\"text-align: justify;\"><span style=\"font-family: 'times new roman', times, serif; font-size: 14pt;\">Bir\u017eelio 4 d. susipa\u017einimui pakviesime vaiku\u010dius i\u0161 Vilniaus Trak\u0173 Vok\u0117s lop\u0161elio-dar\u017eelio.<\/span><\/li>\n<li style=\"text-align: justify;\"><span style=\"font-family: 'times new roman', times, serif; font-size: 14pt;\">Bir\u017eelio 9 d. 18 val. vyks t\u0117v\u0173 susitikimai su mokytojomis, skirti pasiruo\u0161ti naujiems mokslo metams ir aptarti svarbiausius klausimus.<\/span><\/li>\n<li style=\"text-align: justify;\"><span style=\"font-family: 'times new roman', times, serif; font-size: 14pt;\">Norint lankyti dar\u017eel\u012f, profilaktinis vaiko sveikatos patikrinimas yra privalomas kasmet. Gydytojai duomenis \u012fveda \u012f e. sveikat\u0105, o ugdymo \u012fstaiga mato form\u0105 Nr. E-0271 \u201eVaiko sveikatos pa\u017eym\u0117jimas\u201c. Popierini\u0173 pa\u017eym\u0173 pristatyti neb\u016btina. B\u016btina apsilankyti pas \u0161eimos gydytoj\u0105 ir gydytoj\u0105 odontolog\u0105.<\/span><\/li>\n<li style=\"text-align: justify;\"><span style=\"font-family: 'times new roman', times, serif; font-size: 14pt;\">I\u0161 t\u0117v\u0173 mokes\u010dio l\u0117\u0161\u0173 yra perkamos ugdymo, kanceliarin\u0117s priemon\u0117s, \u017eaislai.<\/span><\/li>\n<li style=\"text-align: justify;\"><span style=\"font-family: 'times new roman', times, serif; font-size: 14pt;\">Per mokslo metus gimnazija apmoka vien\u0105 edukacij\u0105 vaikams.<\/span><\/li>\n<li style=\"text-align: justify;\"><span style=\"font-family: 'times new roman', times, serif; font-size: 14pt;\">Gimnazijoje nuo 2026 m. rugs\u0117jo 1 d. \u012fsigali mobili\u0173j\u0173 telefon\u0173 ir i\u0161mani\u0173j\u0173 laikrod\u017ei\u0173 naudojimo ribojimai. Detaliau apie planuojam\u0105 tvark\u0105 t\u0117vus informuos mokytojos.<\/span><\/li>\n<li style=\"text-align: justify;\"><span style=\"font-family: 'times new roman', times, serif; font-size: 14pt;\">Kilus klausimams pra\u0161ome kreiptis \u012f direktoriaus pavaduotoj\u0105 ugdymui Red\u0105 Na\u0161li\u016bnien\u0119 adresu reda.nasliuniene@vokes.vilnius.lm.lt<\/span><\/li>\n<\/ul>\n<p><span style=\"font-family: 'times new roman', times, serif; font-size: 14pt;\"><a href=\"http:\/\/www.vokes.vilnius.lm.lt\/wp-content\/uploads\/2022\/11\/Lankymo-nelankymo-informavimo-tvarkos-aprasas.pdf\" target=\"_blank\" rel=\"noopener noreferrer\"><span style=\"font-size: 14pt;\">Vilniaus<\/span> Trak\u0173 Vok\u0117s gimnazijos vaiko lankymo \/ nelankymo informavimo ikimokyklinio ir prie\u0161mokyklinio ugdymo grup\u0117se tvarkos apra\u0161as<\/a><\/span><\/p>\n<p><span style=\"font-family: 'times new roman', times, serif; font-size: 14pt;\"><a href=\"http:\/\/www.vokes.vilnius.lm.lt\/wp-content\/uploads\/2023\/09\/2023_ikimokykliniu_dienos_poilsio_GAIRES.pdf\" target=\"_blank\" rel=\"noopener noreferrer\">Vilniaus miesto savivaldyb\u0117s ikimokyklinio ugdymo \u012fstaig\u0173 vaik\u0173 dienos poilsio organizavimo gair\u0117s<\/a><\/span><\/p>\n<p><span style=\"font-family: 'times new roman', times, serif; font-size: 14pt;\"><a href=\"http:\/\/www.vokes.vilnius.lm.lt\/wp-content\/uploads\/2023\/09\/2023_ikimokykliniu_dienos_poilsio_Infografikas.pdf\" target=\"_blank\" rel=\"noopener noreferrer\">Vaik\u0173 dienos poilsio organizavimas Vilniaus miesto savivaldyb\u0117s ikimokyklinio ugdymo \u012fstaigose<\/a><\/span><\/p>\n<p><span style=\"font-family: 'times new roman', times, serif; font-size: 14pt;\"><a href=\"http:\/\/www.vokes.vilnius.lm.lt\/wp-content\/uploads\/2023\/09\/Ikimokyklin%C4%97-Voveriuk%C5%B3-gr..pdf\" target=\"_blank\" rel=\"noopener noreferrer\">Vilniaus Trak\u0173 Vok\u0117s gimnazijos ikimokyklin\u0117s \u201eVoveriuk\u0173\u201c grup\u0117s dienotvark\u0117<\/a><\/span><\/p>\n<p><span style=\"font-family: 'times new roman', times, serif; font-size: 14pt;\"><a href=\"http:\/\/www.vokes.vilnius.lm.lt\/wp-content\/uploads\/2023\/09\/Drugeliai.pdf\" target=\"_blank\" rel=\"noopener noreferrer\">Vilniaus Trak\u0173 Vok\u0117s gimnazijos ikimokyklin\u0117s \u201eDrugeli\u0173\u201c grup\u0117s dienotvark\u0117<\/a><\/span><\/p>\n<p><span style=\"font-family: 'times new roman', times, serif; font-size: 14pt;\"><a href=\"http:\/\/www.vokes.vilnius.lm.lt\/wp-content\/uploads\/2024\/12\/dienotvarke.pdf\" target=\"_blank\" rel=\"noopener noreferrer\">Vilniaus Trak\u0173 Vok\u0117s gimnazijos ikimokyklin\u0117s \u201eBitu\u010di\u0173\u201c grup\u0117s dienotvark\u0117<\/a><\/span><\/p>\n<p style=\"text-align: justify;\"><span style=\"font-size: 14pt;\"><strong><span style=\"font-family: 'times new roman', times, serif;\">IKIMOKYKLINIO UGDYMO TURINIO KAITA:<\/span><\/strong><\/span><\/p>\n<p style=\"text-align: justify;\"><span style=\"font-family: 'times new roman', times, serif; font-size: 14pt;\"><a href=\"http:\/\/www.nsa.smsm.lt\/projektai\/wp-content\/uploads\/2025\/04\/Rekomenduojami-IU-programu-kokybes-isivertinimo-kriterijai.pdf\" target=\"_blank\" rel=\"noopener noreferrer\">Rekomenduojami ikimokyklinio ugdymo program\u0173 kokyb\u0117s \u012fsivertinimo kriterijai<\/a><\/span><\/p>\n<p style=\"text-align: justify;\"><span style=\"font-family: 'times new roman', times, serif; font-size: 14pt;\"><a href=\"http:\/\/www.nsa.smsm.lt\/projektai\/ugdymo-projektai\/projektas-ikimokyklinio-ugdymo-turinio-kaita-nr-10-014-p-0001\/projekto-medziaga\/isakymas-del-ikimokyklinio-ugdymo-programos-gairiu-patvirtinimo\/\" target=\"_blank\" rel=\"noopener noreferrer\">\u012esakymas d\u0117l ikimokyklinio ugdymo programos gairi\u0173 patvirtinimo<\/a><\/span><\/p>\n<p style=\"text-align: justify;\"><span style=\"font-family: 'times new roman', times, serif; font-size: 14pt;\"><a href=\"http:\/\/www.nsa.smsm.lt\/projektai\/wp-content\/uploads\/2025\/02\/Atmintine-1.pdf\" target=\"_blank\" rel=\"noopener noreferrer\">Atmintin\u0117 t\u0117vams (glob\u0117jams) \u201eKod\u0117l vaik\u0173 dar\u017eelis \u2013 geras pasirinkimas j\u016bs\u0173 ma\u017eyliui?\u201c<\/a><\/span><\/p>\n<p style=\"text-align: justify;\"><span style=\"font-family: 'times new roman', times, serif; font-size: 14pt;\"><a href=\"http:\/\/www.nsa.smsm.lt\/projektai\/wp-content\/uploads\/2024\/11\/Priemone-Pasiekimu-zingsneliai.pdf\" target=\"_blank\" rel=\"noopener noreferrer\">Vaik\u0173, dalyvaujan\u010di\u0173 ikimokyklinio ugdymo programoje, pasiekim\u0173 steb\u0117senos priemon\u0117 \u201ePASIEKIM\u0172 \u017dINGSNELIAI\u201c<\/a><\/span><\/p>\n<p style=\"text-align: justify;\"><span style=\"font-family: 'times new roman', times, serif; font-size: 14pt;\">Vaik\u0173, dalyvaujan\u010di\u0173 ikimokyklinio ugdymo programoje, pasiekim\u0173 steb\u0117senos priemon\u0117s \u201ePASIEKIM\u0172 \u017dINGSNELIAI\u201c metodin\u0117 vaizdo med\u017eiaga:\u00a0<a href=\"https:\/\/www.youtube.com\/watch?v=ufPdyzDR7pA\" target=\"_blank\" rel=\"noopener noreferrer\">I dalis<\/a>\u00a0ir\u00a0<a href=\"https:\/\/www.youtube.com\/watch?v=7pLHlEKubLU\" target=\"_blank\" rel=\"noopener noreferrer\">II dalis<\/a><\/span><\/p>\n<p style=\"text-align: justify;\"><span style=\"font-family: 'times new roman', times, serif; font-size: 14pt;\"><a href=\"http:\/\/www.nsa.smsm.lt\/projektai\/wp-content\/uploads\/2024\/02\/Ikimokyklinio-amziaus-vaiku-ugdymosi-pasiekimu-aprasas.pdf\" target=\"_blank\" rel=\"noopener noreferrer\">Ikimokyklinio am\u017eiaus vaik\u0173 ugdymosi pasiekim\u0173 apra\u0161as<\/a><\/span><\/p>\n<p style=\"text-align: justify;\"><span style=\"font-family: 'times new roman', times, serif; font-size: 14pt;\"><a href=\"http:\/\/www.nsa.smsm.lt\/projektai\/wp-content\/uploads\/2024\/02\/2024-02-14-Isakymas-del-Apraso-pakeitimo.pdf\" target=\"_blank\" rel=\"noopener noreferrer\">Ikimokyklinio am\u017eiaus vaik\u0173 ugdymosi pasiekim\u0173 apra\u0161o pakeitimas<\/a><\/span><\/p>\n<\/div>\n","protected":false},"excerpt":{"rendered":"<p>Informacija t\u0117vams (glob\u0117jams), kuri\u0173 vaikai prad\u0117s lankyti Vilniaus Trak\u0173 Vok\u0117s gimnazijos dar\u017eel\u012f. Prad\u0117ti lankyti dar\u017eel\u012f \u2013 svarbus \u017eingsnis tiek vaikams, tiek t\u0117vams. Kad pasiruo\u0161imas vykt\u0173 skland\u017eiai, pateikiame aktuali\u0105 informacij\u0105. T\u0117vai (glob\u0117jai) sutart\u012f privalo pasira\u0161yti per 10 kalendorini\u0173 dien\u0173 nuo prane\u0161imo apie vaiko pri\u0117mim\u0105 \u012f dar\u017eel\u012f. Nepasira\u0161ius sutarties per nustatyt\u0105 laikotarp\u012f, vaikas gali b\u016bti i\u0161brauktas i\u0161 &#8230;<\/p>\n","protected":false},"author":1,"featured_media":0,"parent":0,"menu_order":0,"comment_status":"closed","ping_status":"closed","template":"","meta":{"footnotes":""},"class_list":["post-21426","page","type-page","status-publish"],"_links":{"self":[{"href":"https:\/\/www.vokes.vilnius.lm.lt\/index.php?rest_route=\/wp\/v2\/pages\/21426","targetHints":{"allow":["GET"]}}],"collection":[{"href":"https:\/\/www.vokes.vilnius.lm.lt\/index.php?rest_route=\/wp\/v2\/pages"}],"about":[{"href":"https:\/\/www.vokes.vilnius.lm.lt\/index.php?rest_route=\/wp\/v2\/types\/page"}],"author":[{"embeddable":true,"href":"https:\/\/www.vokes.vilnius.lm.lt\/index.php?rest_route=\/wp\/v2\/users\/1"}],"replies":[{"embeddable":true,"href":"https:\/\/www.vokes.vilnius.lm.lt\/index.php?rest_route=%2Fwp%2Fv2%2Fcomments&post=21426"}],"version-history":[{"count":27,"href":"https:\/\/www.vokes.vilnius.lm.lt\/index.php?rest_route=\/wp\/v2\/pages\/21426\/revisions"}],"predecessor-version":[{"id":27335,"href":"https:\/\/www.vokes.vilnius.lm.lt\/index.php?rest_route=\/wp\/v2\/pages\/21426\/revisions\/27335"}],"wp:attachment":[{"href":"https:\/\/www.vokes.vilnius.lm.lt\/index.php?rest_route=%2Fwp%2Fv2%2Fmedia&parent=21426"}],"curies":[{"name":"wp","href":"https:\/\/api.w.org\/{rel}","templated":true}]}}