{"id":119,"date":"2012-12-02T14:58:31","date_gmt":"2012-12-02T14:58:31","guid":{"rendered":"http:\/\/www2156.vu.lt\/?page_id=119"},"modified":"2025-11-13T10:19:12","modified_gmt":"2025-11-13T08:19:12","slug":"psichologes","status":"publish","type":"page","link":"https:\/\/www.vokes.vilnius.lm.lt\/?page_id=119","title":{"rendered":"Psichologas"},"content":{"rendered":"<div class=\"entry\">\n<p style=\"text-align: center;\"><span style=\"font-family: 'times new roman', times, serif; font-size: 14pt;\"><strong>PSICHOLOG\u0116S AU\u0160ROS&nbsp;AU\u0160KALN\u0116S<br \/>\n<\/strong><strong>2025\u20132026 M. M. DARBO LAIKAS<\/strong><\/span><\/p>\n<table class=\" aligncenter\" style=\"width: 946.656px; height: 364px;\">\n<tbody>\n<tr style=\"height: 67px;\">\n<td style=\"text-align: center; height: 67px; width: 105.719px;\"><span style=\"font-family: 'times new roman', times, serif; font-size: 14pt;\"><strong>Diena<\/strong><\/span><\/td>\n<td style=\"text-align: center; height: 67px; width: 97.4688px;\"><span style=\"font-family: 'times new roman', times, serif; font-size: 14pt;\"><strong>Kontaktin\u0117s<br \/>\n<\/strong><strong>valandos<\/strong><\/span><\/td>\n<td style=\"text-align: center; height: 67px; width: 115.094px;\"><span style=\"font-family: 'times new roman', times, serif; font-size: 14pt;\"><strong>Nekontaktin\u0117s<br \/>\nvalandos<\/strong><\/span><\/td>\n<td style=\"text-align: center; height: 67px; width: 119.641px;\"><span style=\"font-family: 'times new roman', times, serif; font-size: 14pt;\"><strong>Piet\u0173<br \/>\npertrauka<\/strong>&nbsp;<\/span><\/td>\n<\/tr>\n<tr style=\"height: 22px;\">\n<td style=\"height: 22px; width: 105.719px;\"><span style=\"font-family: 'times new roman', times, serif; font-size: 14pt;\">&nbsp;Pirmadienis<\/span><\/td>\n<td style=\"height: 22px; width: 97.4688px;\"><span style=\"font-family: 'times new roman', times, serif; font-size: 14pt;\">&nbsp;8.00-16.30<\/span><\/td>\n<td style=\"text-align: center; height: 22px; width: 115.094px;\"><span style=\"font-family: 'times new roman', times, serif; font-size: 14pt;\">&nbsp;&#8211;<\/span><\/td>\n<td style=\"height: 22px; width: 119.641px;\"><span style=\"font-family: 'times new roman', times, serif; font-size: 14pt;\">12.00-12.30<\/span><\/td>\n<\/tr>\n<tr style=\"height: 22px;\">\n<td style=\"height: 22px; width: 105.719px;\"><span style=\"font-family: 'times new roman', times, serif; font-size: 14pt;\">&nbsp;Antradienis<\/span><\/td>\n<td style=\"text-align: center; height: 22px; width: 97.4688px;\"><span style=\"font-family: 'times new roman', times, serif; font-size: 14pt;\">&nbsp;8.00-12.00<\/span><\/td>\n<td style=\"text-align: center; height: 22px; width: 115.094px;\"><span style=\"font-family: 'times new roman', times, serif; font-size: 14pt;\">&#8211;<br \/>\n<\/span><\/td>\n<td style=\"height: 22px; width: 119.641px;\">&#8211;<\/td>\n<\/tr>\n<tr style=\"height: 22px;\">\n<td style=\"height: 22px; width: 105.719px;\"><span style=\"font-family: 'times new roman', times, serif; font-size: 14pt;\">&nbsp;Tre\u010diadienis<\/span><\/td>\n<td style=\"text-align: center; height: 22px; width: 97.4688px;\"><span style=\"font-family: 'times new roman', times, serif; font-size: 14pt;\">&nbsp;&#8211;<\/span><\/td>\n<td style=\"text-align: center; height: 22px; width: 115.094px;\"><span style=\"font-family: 'times new roman', times, serif; font-size: 14pt;\">&nbsp;8.00-16.30<\/span><\/td>\n<td style=\"height: 22px; text-align: center; width: 119.641px;\"><span style=\"font-family: 'times new roman', times, serif; font-size: 14pt;\">12.00-12.30<\/span><\/td>\n<\/tr>\n<tr style=\"height: 22px;\">\n<td style=\"height: 22px; width: 105.719px;\"><span style=\"font-family: 'times new roman', times, serif;\"><span style=\"font-size: 18.6667px;\">Ketvirtadienis<\/span><\/span><\/td>\n<td style=\"text-align: center; height: 22px; width: 97.4688px;\"><span style=\"font-family: 'times new roman', times, serif; font-size: 14pt;\">8.00-16.30<\/span><\/td>\n<td style=\"text-align: center; height: 22px; width: 115.094px;\"><span style=\"font-family: 'times new roman', times, serif; font-size: 14pt;\">&#8211;<br \/>\n<\/span><\/td>\n<td style=\"height: 22px; text-align: center; width: 119.641px;\"><span style=\"font-family: 'times new roman', times, serif; font-size: 14pt;\">12.00-12.30<\/span><\/td>\n<\/tr>\n<tr style=\"height: 22.5156px;\">\n<td style=\"height: 22.5156px; width: 105.719px;\"><span style=\"font-family: 'times new roman', times, serif; font-size: 14pt;\">&nbsp;Penktadienis<\/span><\/td>\n<td style=\"text-align: center; height: 22.5156px; width: 97.4688px;\"><span style=\"font-family: 'times new roman', times, serif; font-size: 14pt;\">&#8211;<\/span><\/td>\n<td style=\"text-align: center; height: 22.5156px; width: 115.094px;\"><span style=\"font-family: 'times new roman', times, serif; font-size: 14pt;\">8.00-16.30&nbsp;<\/span><\/td>\n<td style=\"text-align: center; height: 22.5156px; width: 119.641px;\"><span style=\"font-family: 'times new roman', times, serif; font-size: 14pt;\">12.30-12.30<\/span><\/td>\n<\/tr>\n<tr style=\"height: 22px;\">\n<td style=\"text-align: center; height: 22px; width: 105.719px;\"><span style=\"font-family: 'times new roman', times, serif; font-size: 14pt;\">I\u0161 viso per savait\u0119<\/span><\/td>\n<td style=\"text-align: center; height: 22px; width: 97.4688px;\"><span style=\"font-family: 'times new roman', times, serif; font-size: 14pt;\">&nbsp;20<\/span><\/td>\n<td style=\"text-align: center; height: 22px; width: 115.094px;\"><span style=\"font-family: 'times new roman', times, serif; font-size: 14pt;\">&nbsp;16<\/span><\/td>\n<td style=\"height: 22px; width: 119.641px;\"><span style=\"font-family: 'times new roman', times, serif; font-size: 14pt;\">&nbsp;<\/span><\/td>\n<\/tr>\n<\/tbody>\n<\/table>\n<p style=\"text-align: center;\">&nbsp;<\/p>\n<p style=\"text-align: center;\">&nbsp;<\/p>\n<p style=\"text-align: center;\">&nbsp;<\/p>\n<p style=\"text-align: center;\">&nbsp;<\/p>\n<p style=\"text-align: center;\">&nbsp;<\/p>\n<p style=\"text-align: center;\">&nbsp;<\/p>\n<p style=\"text-align: center;\">&nbsp;<\/p>\n<p style=\"text-align: center;\"><span style=\"font-family: georgia,palatino; font-size: 14px;\">&nbsp;<\/span><\/p>\n<p style=\"text-align: center;\">&nbsp;<\/p>\n<\/div>\n","protected":false},"excerpt":{"rendered":"<p>PSICHOLOG\u0116S AU\u0160ROS&nbsp;AU\u0160KALN\u0116S 2025\u20132026 M. M. DARBO LAIKAS Diena Kontaktin\u0117s valandos Nekontaktin\u0117s valandos Piet\u0173 pertrauka&nbsp; &nbsp;Pirmadienis &nbsp;8.00-16.30 &nbsp;&#8211; 12.00-12.30 &nbsp;Antradienis &nbsp;8.00-12.00 &#8211; &#8211; &nbsp;Tre\u010diadienis &nbsp;&#8211; &nbsp;8.00-16.30 12.00-12.30 Ketvirtadienis 8.00-16.30 &#8211; 12.00-12.30 &nbsp;Penktadienis &#8211; 8.00-16.30&nbsp; 12.30-12.30 I\u0161 viso per savait\u0119 &nbsp;20 &nbsp;16 &nbsp; &nbsp; &nbsp; &nbsp; &nbsp; &nbsp; &nbsp; &nbsp; &nbsp; &nbsp;<\/p>\n","protected":false},"author":1,"featured_media":0,"parent":19,"menu_order":7,"comment_status":"closed","ping_status":"closed","template":"","meta":{"footnotes":""},"class_list":["post-119","page","type-page","status-publish"],"_links":{"self":[{"href":"https:\/\/www.vokes.vilnius.lm.lt\/index.php?rest_route=\/wp\/v2\/pages\/119","targetHints":{"allow":["GET"]}}],"collection":[{"href":"https:\/\/www.vokes.vilnius.lm.lt\/index.php?rest_route=\/wp\/v2\/pages"}],"about":[{"href":"https:\/\/www.vokes.vilnius.lm.lt\/index.php?rest_route=\/wp\/v2\/types\/page"}],"author":[{"embeddable":true,"href":"https:\/\/www.vokes.vilnius.lm.lt\/index.php?rest_route=\/wp\/v2\/users\/1"}],"replies":[{"embeddable":true,"href":"https:\/\/www.vokes.vilnius.lm.lt\/index.php?rest_route=%2Fwp%2Fv2%2Fcomments&post=119"}],"version-history":[{"count":52,"href":"https:\/\/www.vokes.vilnius.lm.lt\/index.php?rest_route=\/wp\/v2\/pages\/119\/revisions"}],"predecessor-version":[{"id":26010,"href":"https:\/\/www.vokes.vilnius.lm.lt\/index.php?rest_route=\/wp\/v2\/pages\/119\/revisions\/26010"}],"up":[{"embeddable":true,"href":"https:\/\/www.vokes.vilnius.lm.lt\/index.php?rest_route=\/wp\/v2\/pages\/19"}],"wp:attachment":[{"href":"https:\/\/www.vokes.vilnius.lm.lt\/index.php?rest_route=%2Fwp%2Fv2%2Fmedia&parent=119"}],"curies":[{"name":"wp","href":"https:\/\/api.w.org\/{rel}","templated":true}]}}