{"id":117,"date":"2012-12-02T14:57:59","date_gmt":"2012-12-02T14:57:59","guid":{"rendered":"http:\/\/www2156.vu.lt\/?page_id=117"},"modified":"2024-11-19T09:30:49","modified_gmt":"2024-11-19T07:30:49","slug":"metodines-grupes","status":"publish","type":"page","link":"https:\/\/www.vokes.vilnius.lm.lt\/?page_id=117","title":{"rendered":"Metodin\u0117s grup\u0117s"},"content":{"rendered":"<div class=\"entry\">\n<p><span style=\"font-family: 'times new roman', times, serif; font-size: 14pt;\"><strong>METODINI\u0172 GRUPI\u0172 PIRMININKAI<\/strong><\/span><\/p>\n<p><span style=\"font-family: times new roman,times,serif; font-size: 14pt;\">Humanitarini\u0173 moksl\u0173 metodin\u0117 grup\u0117 <strong>\u2013 pirminink\u0117 Asta&nbsp;Bajer\u010di\u016bt\u0117<\/strong><\/span><\/p>\n<p><span style=\"font-family: times new roman,times,serif; font-size: 14pt;\">K\u016brybin\u0117s rai\u0161kos ir sportin\u0117s veiklos metodin\u0117 grup\u0117<strong> \u2013 pirmininkas K\u0119stutis Ba\u010dkis<\/strong><\/span><\/p>\n<p><span style=\"font-family: times new roman,times,serif; font-size: 14pt;\">Tiksli\u0173j\u0173 ir gamtos moksl\u0173 metodin\u0117 grup\u0117<strong> \u2013 pirminink\u0117 Agn\u0117&nbsp;Avi\u017eieni\u0117n\u0117<\/strong><\/span><\/p>\n<p><span style=\"font-family: times new roman,times,serif; font-size: 14pt;\">U\u017esienio kalb\u0173 metodin\u0117 grup\u0117<strong> \u2013 pirminink\u0117 Kristina&nbsp;\u010ciapien\u0117<\/strong><\/span><\/p>\n<p><span style=\"font-family: 'times new roman', times, serif; font-size: 14pt;\">Pradini\u0173 klasi\u0173 metodin\u0117 grup\u0117 <strong>\u2013<\/strong> <strong>pirminink\u0117 Gita&nbsp;V\u0117brien\u0117<\/strong><\/span><\/p>\n<p><strong>&nbsp;<\/strong><\/p>\n<p>&nbsp;<\/p>\n<p><span style=\"font-family: 'times new roman', times, serif; font-size: 14pt;\"><strong>&nbsp;<\/strong><\/span><\/p>\n<p>&nbsp;<\/p>\n<p><b>&nbsp;<\/b><\/p>\n<p><b>&nbsp;<\/b><\/p>\n<\/div>\n","protected":false},"excerpt":{"rendered":"<p>METODINI\u0172 GRUPI\u0172 PIRMININKAI Humanitarini\u0173 moksl\u0173 metodin\u0117 grup\u0117 \u2013 pirminink\u0117 Asta&nbsp;Bajer\u010di\u016bt\u0117 K\u016brybin\u0117s rai\u0161kos ir sportin\u0117s veiklos metodin\u0117 grup\u0117 \u2013 pirmininkas K\u0119stutis Ba\u010dkis Tiksli\u0173j\u0173 ir gamtos moksl\u0173 metodin\u0117 grup\u0117 \u2013 pirminink\u0117 Agn\u0117&nbsp;Avi\u017eieni\u0117n\u0117 U\u017esienio kalb\u0173 metodin\u0117 grup\u0117 \u2013 pirminink\u0117 Kristina&nbsp;\u010ciapien\u0117 Pradini\u0173 klasi\u0173 metodin\u0117 grup\u0117 \u2013 pirminink\u0117 Gita&nbsp;V\u0117brien\u0117 &nbsp; &nbsp; &nbsp; &nbsp; &nbsp; &nbsp;<\/p>\n","protected":false},"author":1,"featured_media":0,"parent":19,"menu_order":6,"comment_status":"closed","ping_status":"closed","template":"","meta":{"footnotes":""},"class_list":["post-117","page","type-page","status-publish"],"_links":{"self":[{"href":"https:\/\/www.vokes.vilnius.lm.lt\/index.php?rest_route=\/wp\/v2\/pages\/117","targetHints":{"allow":["GET"]}}],"collection":[{"href":"https:\/\/www.vokes.vilnius.lm.lt\/index.php?rest_route=\/wp\/v2\/pages"}],"about":[{"href":"https:\/\/www.vokes.vilnius.lm.lt\/index.php?rest_route=\/wp\/v2\/types\/page"}],"author":[{"embeddable":true,"href":"https:\/\/www.vokes.vilnius.lm.lt\/index.php?rest_route=\/wp\/v2\/users\/1"}],"replies":[{"embeddable":true,"href":"https:\/\/www.vokes.vilnius.lm.lt\/index.php?rest_route=%2Fwp%2Fv2%2Fcomments&post=117"}],"version-history":[{"count":69,"href":"https:\/\/www.vokes.vilnius.lm.lt\/index.php?rest_route=\/wp\/v2\/pages\/117\/revisions"}],"predecessor-version":[{"id":23955,"href":"https:\/\/www.vokes.vilnius.lm.lt\/index.php?rest_route=\/wp\/v2\/pages\/117\/revisions\/23955"}],"up":[{"embeddable":true,"href":"https:\/\/www.vokes.vilnius.lm.lt\/index.php?rest_route=\/wp\/v2\/pages\/19"}],"wp:attachment":[{"href":"https:\/\/www.vokes.vilnius.lm.lt\/index.php?rest_route=%2Fwp%2Fv2%2Fmedia&parent=117"}],"curies":[{"name":"wp","href":"https:\/\/api.w.org\/{rel}","templated":true}]}}