{"id":105,"date":"2012-12-02T14:54:51","date_gmt":"2012-12-02T14:54:51","guid":{"rendered":"http:\/\/www2156.vu.lt\/?page_id=105"},"modified":"2026-03-31T10:36:43","modified_gmt":"2026-03-31T08:36:43","slug":"administracija","status":"publish","type":"page","link":"https:\/\/www.vokes.vilnius.lm.lt\/?page_id=105","title":{"rendered":"Administracija"},"content":{"rendered":"<div class=\"entry\">\n<p style=\"text-align: center;\"><span style=\"font-size: 14px;\"><b><span style=\"font-family: 'times new roman', times, serif; font-size: 14pt;\">GIMNAZIJOS DIREKTORIUS<\/span><\/b><\/span><\/p>\n<p style=\"text-align: center;\"><a href=\"https:\/\/www.vokes.vilnius.lm.lt\/wp-content\/uploads\/2026\/02\/IMG_7562.jpeg\"><img loading=\"lazy\" decoding=\"async\" class=\"aligncenter size-medium wp-image-26759\" src=\"https:\/\/www.vokes.vilnius.lm.lt\/wp-content\/uploads\/2026\/02\/IMG_7562-210x300.jpeg\" alt=\"\" width=\"210\" height=\"300\" srcset=\"https:\/\/www.vokes.vilnius.lm.lt\/wp-content\/uploads\/2026\/02\/IMG_7562-210x300.jpeg 210w, https:\/\/www.vokes.vilnius.lm.lt\/wp-content\/uploads\/2026\/02\/IMG_7562.jpeg 705w\" sizes=\"auto, (max-width: 210px) 100vw, 210px\" \/><\/a><\/p>\n<p align=\"center\"><span style=\"font-size: 14pt; font-family: 'times new roman', times, serif;\"><b>Edvinas \u0160imulynas<\/b>\u00a0Tel. +370 5 264 5190<br \/>\n<\/span><span style=\"font-family: 'times new roman', times, serif; font-size: 14pt;\">El. p.\u00a0<a href=\"mailto:edvinas.simulynas@vokes.vilnius.lm.lt\" target=\"_blank\" rel=\"noopener noreferrer\">edvinas.simulynas@vokes.<wbr \/>vilnius.lm.lt<\/a><\/span><\/p>\n<p align=\"center\"><span style=\"font-family: 'times new roman', times, serif; font-size: 14pt;\"><strong>DIREKTORIAUS EDVINO \u0160IMULYNO\u00a0DARBO LAIKO GRAFIKAS<\/strong><\/span><\/p>\n<div align=\"center\">\n<table style=\"width: 250.5px; height: 130px;\" border=\"0\" cellpadding=\"0\">\n<tbody>\n<tr>\n<td style=\"width: 95px; text-align: center;\"><span style=\"font-family: 'times new roman', times, serif; font-size: 14pt;\"><b>Savait\u0117s diena<\/b><\/span><\/td>\n<td style=\"width: 65.5px; text-align: center;\"><span style=\"font-family: 'times new roman', times, serif; font-size: 14pt;\"><b>Darbo laikas (val.)<\/b><\/span><\/td>\n<td style=\"width: 65.5px; text-align: center;\"><span style=\"font-family: 'times new roman', times, serif; font-size: 14pt;\"><b>Piet\u0173 pertrauka<\/b><\/span><\/td>\n<td style=\"width: 65.5px; text-align: center;\"><span style=\"font-size: 14pt;\"><strong><span style=\"font-family: 'times new roman', times, serif;\">Darbo dienos trukm\u0117\u00a0<\/span><\/strong><\/span><\/td>\n<\/tr>\n<tr>\n<td style=\"width: 95px;\"><span style=\"font-family: 'times new roman', times, serif; font-size: 14pt;\">Pirmadienis<\/span><\/td>\n<td style=\"text-align: center; width: 65.5px;\"><span style=\"font-family: 'times new roman', times, serif; font-size: 14pt;\">7:00 &#8211; 16:30<\/span><\/td>\n<td style=\"width: 65.5px; text-align: center;\"><span style=\"font-family: 'times new roman', times, serif; font-size: 14pt;\">11:50<br \/>\n&#8211;<br \/>\n12:20<\/span><\/td>\n<td style=\"width: 65.5px; text-align: center;\"><span style=\"font-family: 'times new roman', times, serif; font-size: 14pt;\">9 val.\u00a0<\/span><\/td>\n<\/tr>\n<tr>\n<td style=\"width: 95px;\"><span style=\"font-family: 'times new roman', times, serif; font-size: 14pt;\">Antradienis<\/span><\/td>\n<td style=\"text-align: center; width: 65.5px;\"><span style=\"font-family: 'times new roman', times, serif; font-size: 14pt;\">7:00 &#8211; 16:30<\/span><\/td>\n<td style=\"width: 65.5px; text-align: center;\"><span style=\"font-family: 'times new roman', times, serif; font-size: 14pt;\">11:50<br \/>\n&#8211;<br \/>\n12:20<\/span><\/td>\n<td style=\"width: 65.5px; text-align: center;\"><span style=\"font-family: 'times new roman', times, serif; font-size: 14pt;\">9 val.<\/span><\/td>\n<\/tr>\n<tr>\n<td style=\"width: 95px;\"><span style=\"font-family: 'times new roman', times, serif; font-size: 14pt;\">Tre\u010diadienis<\/span><\/td>\n<td style=\"text-align: center; width: 65.5px;\"><span style=\"font-family: 'times new roman', times, serif; font-size: 14pt;\">7:00 &#8211; 16:30<\/span><\/td>\n<td style=\"width: 65.5px; text-align: center;\"><span style=\"font-family: 'times new roman', times, serif; font-size: 14pt;\">11:50<br \/>\n&#8211;<br \/>\n12:20<\/span><\/td>\n<td style=\"width: 65.5px; text-align: center;\"><span style=\"font-family: 'times new roman', times, serif; font-size: 14pt;\">9 val.<\/span><\/td>\n<\/tr>\n<tr>\n<td style=\"width: 95px;\"><span style=\"font-family: 'times new roman', times, serif; font-size: 14pt;\">Ketvirtadienis<\/span><\/td>\n<td style=\"text-align: center; width: 65.5px;\"><span style=\"font-family: 'times new roman', times, serif; font-size: 14pt;\">7:00 &#8211; 16:30<\/span><\/td>\n<td style=\"width: 65.5px; text-align: center;\"><span style=\"font-family: 'times new roman', times, serif; font-size: 14pt;\">11:50<br \/>\n&#8211;<br \/>\n12:20<\/span><\/td>\n<td style=\"width: 65.5px; text-align: center;\">\u00a0<span style=\"font-family: 'times new roman', times, serif; font-size: 14pt;\">9 val.<\/span><\/td>\n<\/tr>\n<tr>\n<td style=\"width: 95px;\"><span style=\"font-family: 'times new roman', times, serif; font-size: 14pt;\">Penktadienis<\/span><\/td>\n<td style=\"text-align: center; width: 65.5px;\"><span style=\"font-family: 'times new roman', times, serif; font-size: 14pt;\">11:00 &#8211; 15:30<\/span><\/td>\n<td style=\"width: 65.5px; text-align: center;\"><span style=\"font-family: 'times new roman', times, serif; font-size: 14pt;\">11:50<br \/>\n&#8211;<br \/>\n12:20<\/span><\/td>\n<td style=\"width: 65.5px; text-align: center;\"><span style=\"font-family: 'times new roman', times, serif; font-size: 14pt;\">\u00a04\u00a0val.\u00a0<\/span><\/td>\n<\/tr>\n<\/tbody>\n<\/table>\n<p><span style=\"font-family: 'times new roman', times, serif; font-size: 14pt;\">Vadybinis darbo laikas \u2013 40 val.<\/span><\/p>\n<\/div>\n<hr \/>\n<p style=\"text-align: center;\"><span style=\"font-family: 'times new roman', times, serif; font-size: 14pt;\">\u00a0<a href=\"http:\/\/www.vokes.vilnius.lm.lt\/wp-content\/uploads\/2025\/12\/Trak\u0173-Vok\u0117s-gimnazijos-PA-pasira\u0161ytas.pdf\" target=\"_blank\" rel=\"noopener noreferrer\">PAREIGYB\u0116S APRA\u0160YMAS<\/a><\/span><\/p>\n<p style=\"text-align: center;\"><a href=\"https:\/\/www.vokes.vilnius.lm.lt\/wp-content\/uploads\/2026\/03\/2026_Direktoriaus_uzduotys.pdf\" target=\"_blank\" rel=\"noopener\"><span style=\"font-family: 'times new roman', times, serif; font-size: 14pt;\">Direktoriaus Edvino \u0160imulyno 2026 m. u\u017eduotys<\/span><\/a><\/p>\n<p style=\"text-align: center;\"><a href=\"https:\/\/www.vokes.vilnius.lm.lt\/wp-content\/uploads\/2026\/03\/Edvino_Simulyno_Gyvenimo_aprasymas.pdf\" target=\"_blank\" rel=\"noopener\"><span style=\"font-family: 'times new roman', times, serif; font-size: 14pt;\">Gyvenimo apra\u0161ymas<\/span><\/a><\/p>\n<div align=\"center\">\n<p><span style=\"font-size: 14pt;\"><a href=\"http:\/\/www.vokes.vilnius.lm.lt\/wp-content\/uploads\/2025\/04\/Talackienes_veiklos_ataskaita_su_vertinimu.pdf\" target=\"_blank\" rel=\"noopener noreferrer\"><span style=\"font-family: 'times new roman', times, serif;\">G. Tala\u010dkien\u0117s 2024 met\u0173 veiklos ataskaita<\/span><\/a><\/span><\/p>\n<p><span style=\"font-size: 14pt;\"><a href=\"http:\/\/www.vokes.vilnius.lm.lt\/wp-content\/uploads\/2024\/03\/2023_veiklos_ataskaita_skenuota_GALUTINE.pdf\" target=\"_blank\" rel=\"noopener noreferrer\"><span style=\"font-family: 'times new roman', times, serif;\">G.Tala\u010dkien\u0117s 2023 met\u0173 veiklos ataskaita<\/span><\/a><\/span><\/p>\n<p><span style=\"font-size: 14pt;\"><a href=\"http:\/\/www.vokes.vilnius.lm.lt\/wp-content\/uploads\/2023\/03\/Direktores_veiklos_ataskaita.pdf\" target=\"_blank\" rel=\"noopener noreferrer\"><span style=\"font-family: 'times new roman', times, serif;\">G.Tala\u010dkien\u0117s 2022 met\u0173 veiklos ataskaita<\/span><\/a><\/span><\/p>\n<p><span style=\"font-size: 14pt;\"><a href=\"http:\/\/www.vokes.vilnius.lm.lt\/wp-content\/uploads\/2022\/03\/2021_veiklos_ataskaita.pdf\" target=\"_blank\" rel=\"noopener noreferrer\"><span style=\"font-family: 'times new roman', times, serif;\">G.Tala\u010dkien\u0117s 2021 met\u0173 veiklos ataskaita<\/span><\/a><\/span><\/p>\n<p><span style=\"font-size: 14pt;\"><a href=\"http:\/\/www.vokes.vilnius.lm.lt\/wp-content\/uploads\/2021\/03\/GTalackienes_2020metu_veiklos_ataskaita.pdf\" target=\"_blank\" rel=\"noopener noreferrer\"><span style=\"font-family: 'times new roman', times, serif;\">G.Tala\u010dkien\u0117s 2020 met\u0173 veiklos ataskaita<\/span><\/a><\/span><\/p>\n<p><span style=\"font-family: times new roman,times,serif; font-size: 14pt;\"><a href=\"http:\/\/www.vokes.vilnius.lm.lt\/wp-content\/uploads\/2012\/12\/G.Talackien\u0117s-2019-met\u0173-veiklos-ataskaita.pdf\" target=\"_blank\" rel=\"noopener\">G.Tala\u010dkien\u0117s 2019 met\u0173 veiklos ataskaita<\/a><\/span><\/p>\n<\/div>\n<hr \/>\n<div align=\"center\">\n<p><span style=\"font-family: 'times new roman', times, serif; font-size: 14pt;\"><b>DIREKTORIAUS PAVADUOTOJA UGDYMUI<\/b><\/span><\/p>\n<p><span style=\"font-family: 'times new roman', times, serif; font-size: 14pt;\"><b>Diana Luk\u0161taraupien\u0117\u00a0<\/b>II vadybin\u0117 kategorija<\/span><\/p>\n<p><span style=\"font-family: 'times new roman', times, serif; font-size: 14pt;\">Tel. + 370 5 264 5190<\/span><br \/>\n<span style=\"font-family: 'times new roman', times, serif; font-size: 14pt;\">El. p.\u00a0<a href=\"mailto:diana.lukstaraupiene@vokes.vilnius.lm.lt\" target=\"_blank\" rel=\"noopener noreferrer\">diana.lukstaraupiene@vokes.<wbr \/>vilnius.lm.lt<\/a><\/span><\/p>\n<p><span style=\"font-family: 'times new roman', times, serif; font-size: 14pt;\"><a href=\"http:\/\/www.vokes.vilnius.lm.lt\/wp-content\/uploads\/2026\/01\/107_Pareigybes-aprasymas-pavaduotojas_ugdymui.pdf\" target=\"_blank\" rel=\"noopener noreferrer\">PAREIGYB\u0116S APRA\u0160YMAS<\/a><\/span><\/p>\n<p><img loading=\"lazy\" decoding=\"async\" class=\"aligncenter\" src=\"http:\/\/www2156.vu.lt\/wp-content\/uploads\/2013\/04\/direktores_pavaduotoja.jpg\" alt=\"\" width=\"226\" height=\"170\" \/><\/p>\n<hr \/>\n<p><span style=\"font-family: 'times new roman', times, serif; font-size: 14pt;\"><b>DIREKTORIAUS PAVADUOTOJA UGDYMUI<\/b><\/span><\/p>\n<p><span style=\"font-family: 'times new roman', times, serif; font-size: 14pt;\"><b>Reda Na\u0161li\u016bnien\u0117\u00a0<\/b>III vadybin\u0117 kategorija<\/span><\/p>\n<p><span style=\"font-family: 'times new roman', times, serif; font-size: 14pt;\">Tel. +370 5 264 5190<\/span><br \/>\n<span style=\"font-family: 'times new roman', times, serif; font-size: 14pt;\">El. p.\u00a0<a href=\"mailto:reda.nasliuniene@vokes.vilnius.lm.lt\" target=\"_blank\" rel=\"noopener noreferrer\">reda.nasliuniene@vokes.<wbr \/>vilnius.lm.lt<\/a><\/span><\/p>\n<p><span style=\"font-family: 'times new roman', times, serif; font-size: 14pt;\"><a href=\"http:\/\/www.vokes.vilnius.lm.lt\/wp-content\/uploads\/2026\/01\/108_Pareigyb\u0117s-apras.-pavaduotojas-ugdymui-Reda.pdf\" target=\"_blank\" rel=\"noopener noreferrer\">PAREIGYB\u0116S APRA\u0160YMAS<\/a><\/span><\/p>\n<p><img loading=\"lazy\" decoding=\"async\" src=\"http:\/\/www2156.vu.lt\/wp-content\/uploads\/2013\/04\/pavaduotoja_reda.jpg\" alt=\"\" width=\"120\" height=\"172\" \/><\/p>\n<hr \/>\n<\/div>\n<p style=\"text-align: center;\"><span style=\"font-size: 14pt;\"><strong><span style=\"font-family: 'times new roman', times, serif;\">DIREKTORIAUS PAVADUOTOJA \u016aKIO REIKALAMS<\/span><\/strong><\/span><\/p>\n<p style=\"text-align: center;\"><span style=\"font-family: 'times new roman',times,serif;\"><span style=\"font-size: x-large;\"><span style=\"font-size: 14pt;\"><b>Ilona\u00a0Bortkevi\u010dien\u0117<\/b><\/span>\u00a0<span style=\"font-size: 14pt;\">Tel. +370 5 264 5190<br \/>\nEl. p.\u00a0<a href=\"mailto:ilona.bortkeviciene@vokes.vilnius.lm.lt\" target=\"_blank\" rel=\"noopener noreferrer\">ilona.bortkeviciene@vokes.<wbr \/>vilnius.lm.lt<\/a><br \/>\n<\/span><\/span><\/span><\/p>\n<hr \/>\n<p style=\"text-align: center;\">\u00a0<span style=\"font-family: 'times new roman', times, serif; font-size: 14pt;\"><b>ADMINISTRATOR\u0116<\/b><\/span><\/p>\n<p style=\"text-align: center;\"><span style=\"font-family: 'times new roman', times, serif; font-size: 14pt;\"><b>Jolita Zagreckien\u0117 <\/b>Tel. +370 5 264 5190<br \/>\nEl. p.\u00a0<a href=\"mailto:rastine@vokes.vilnius.lm.lt\" target=\"_blank\" rel=\"noopener noreferrer\">rastine@vokes.vilnius.lm.lt<\/a><br \/>\n<\/span><\/p>\n<div align=\"center\"><\/div>\n<p style=\"text-align: center;\"><b>\u00a0<\/b><\/p>\n<\/div>\n","protected":false},"excerpt":{"rendered":"<p>GIMNAZIJOS DIREKTORIUS Edvinas \u0160imulynas\u00a0Tel. +370 5 264 5190 El. p.\u00a0edvinas.simulynas@vokes.vilnius.lm.lt DIREKTORIAUS EDVINO \u0160IMULYNO\u00a0DARBO LAIKO GRAFIKAS Savait\u0117s diena Darbo laikas (val.) Piet\u0173 pertrauka Darbo dienos trukm\u0117\u00a0 Pirmadienis 7:00 &#8211; 16:30 11:50 &#8211; 12:20 9 val.\u00a0 Antradienis 7:00 &#8211; 16:30 11:50 &#8211; 12:20 9 val. Tre\u010diadienis 7:00 &#8211; 16:30 11:50 &#8211; 12:20 9 val. Ketvirtadienis 7:00 &#8211; &#8230;<\/p>\n","protected":false},"author":1,"featured_media":0,"parent":19,"menu_order":0,"comment_status":"closed","ping_status":"closed","template":"","meta":{"footnotes":""},"class_list":["post-105","page","type-page","status-publish"],"_links":{"self":[{"href":"https:\/\/www.vokes.vilnius.lm.lt\/index.php?rest_route=\/wp\/v2\/pages\/105","targetHints":{"allow":["GET"]}}],"collection":[{"href":"https:\/\/www.vokes.vilnius.lm.lt\/index.php?rest_route=\/wp\/v2\/pages"}],"about":[{"href":"https:\/\/www.vokes.vilnius.lm.lt\/index.php?rest_route=\/wp\/v2\/types\/page"}],"author":[{"embeddable":true,"href":"https:\/\/www.vokes.vilnius.lm.lt\/index.php?rest_route=\/wp\/v2\/users\/1"}],"replies":[{"embeddable":true,"href":"https:\/\/www.vokes.vilnius.lm.lt\/index.php?rest_route=%2Fwp%2Fv2%2Fcomments&post=105"}],"version-history":[{"count":97,"href":"https:\/\/www.vokes.vilnius.lm.lt\/index.php?rest_route=\/wp\/v2\/pages\/105\/revisions"}],"predecessor-version":[{"id":27329,"href":"https:\/\/www.vokes.vilnius.lm.lt\/index.php?rest_route=\/wp\/v2\/pages\/105\/revisions\/27329"}],"up":[{"embeddable":true,"href":"https:\/\/www.vokes.vilnius.lm.lt\/index.php?rest_route=\/wp\/v2\/pages\/19"}],"wp:attachment":[{"href":"https:\/\/www.vokes.vilnius.lm.lt\/index.php?rest_route=%2Fwp%2Fv2%2Fmedia&parent=105"}],"curies":[{"name":"wp","href":"https:\/\/api.w.org\/{rel}","templated":true}]}}